1152442115
Convert -124922 (base 13) to base 8.
-1530740
-100122122210 (base 3) to base 16
-2e644
Convert 256612 (base 9) to base 16.
2607e
What is bb2348 (base 14) in base 10?
6344780
Convert -1613544 (base 8) to base 13.
-1336c3
-5350cd (base 14) to base 11
-1655453
Convert -511c62 (base 13) to base 3.
-10112222200020
What is 36446 (base 12) in base 9?
121370
Convert -21651818 (base 9) to base 12.
-3618268
What is -324520 (base 6) in base 5?
-1330401
What is 333454 (base 6) in base 7?
144520
28394 (base 12) to base 15
1182a
1556084 (base 10) to base 6
53204032
What is -11111120200100 (base 3) in base 13?
-65a327
Convert -144331240 (base 5) to base 13.
-212908
What is -20551531 (base 8) in base 12?
-1572509
6126454 (base 10) to base 12
207549a
What is -101100011010000000100010 (base 2) in base 13?
-25476b3
What is -11303344 (base 5) in base 15?
-20a69
Convert 101011011010101011 (base 2) to base 8.
533253
10002202201 (base 3) to base 9
102681
What is 22221011020201 (base 3) in base 7?
55226530
Convert 226222253 (base 7) to base 6.
1214220512
Convert -2466517 (base 12) to base 13.
-1618c69
-d169a8 (base 16) to base 4
-310112212220
2120022212 (base 3) to base 13
1a009
What is 101400431 (base 5) in base 6?
12551110
3113004 (base 5) to base 11
35358
Convert -50121045 (base 6) to base 5.
-330112133
What is -1355b5b (base 14) in base 7?
-142324344
-2288741 (base 10) to base 7
-25311500
What is 803705 (base 9) in base 15?
95bbb
Convert 300241244 (base 5) to base 13.
324618
-100100110100011010 (base 2) to base 3
-21122212120
-211012433 (base 6) to base 11
-2099700
1001211212022 (base 3) to base 8
2124757
What is -101303203 (base 4) in base 13?
-27271
What is -74070 (base 9) in base 7?
-262404
-12101121331 (base 5) to base 4
-311232022130
-9acbbb (base 13) to base 5
-1413434444
103334205 (base 6) to base 13
4c904c
-431443135 (base 6) to base 12
-26864ab
Convert 3533423 (base 6) to base 7.
1363053
What is 10022112012 (base 3) in base 6?
1222052
-8b68a1 (base 12) to base 11
-1293800
What is -247205 (base 11) in base 6?
-12210342
-42957 (base 12) to base 3
-11110101111
Convert -8bd2e (base 15) to base 7.
-3532436
What is 2022110002 (base 4) in base 5?
121112110
What is 11000101001000100111001 (base 2) in base 6?
350242013
Convert -22010221202 (base 3) to base 8.
-471132
What is 96d55 (base 14) in base 9?
615407
Convert 110200211020200 (base 3) to base 4.
121233122130
Convert -46525506 (base 8) to base 2.
-100110101010101101000110
Convert 11835848 (base 9) to base 6.
324313542
Convert 44235757 (base 8) to base 5.
4414034223
Convert 4501 (base 12) to base 9.
11421
What is 10001110100101111100111 (base 2) in base 10?
4672487
-1001144222 (base 5) to base 2
-111100010001010011001
Convert 26247 (base 9) to base 10.
17701
Convert 1331124041 (base 5) to base 11.
19a9403
What is -200c0 (base 14) in base 4?
-102303020
Convert -64381 (base 11) to base 15.
-1cb17
Convert -320033322 (base 4) to base 16.
-383fa
d6058 (base 14) to base 13
150ac6
100101101011001101 (base 2) to base 15
30acc
What is -122013045 (base 6) in base 13?
-63992c
Convert 348309 (base 11) to base 8.
2067441
What is 100011222102021 (base 3) in base 6?
252341011
213123312 (base 4) to base 12
79586
Convert 1402be0 (base 15) to base 8.
67046270
46873 (base 12) to base 5
11011201
6403446 (base 7) to base 13
21161a
1154145 (base 6) to base 7
345203
19640 (base 10) to base 16
4cb8
-a59a54 (base 13) to base 10
-3877267
What is 122065 (base 9) in base 4?
101333120
111022001102 (base 3) to base 8
777165
What is 69530 (base 14) in base 3?
111000110102
Convert 28e77 (base 15) to base 8.
400670
What is -75774 (base 10) in base 6?
-1342450
Convert -20022001120002 (base 3) to base 6.
-155424302
What is -132121 (base 9) in base 15?
-18bca
What is -16c1c (base 14) in base 11?
-3a023
Convert 131355533 (base 6) to base 13.
6cc1b3
What is 15033551 (base 7) in base 9?
2604252
What is b556 (base 13) in base 6?
312043
Convert 23257 (base 10) to base 2.
101101011011001
-102112012033 (base 4) to base 11
-2795172
4516147 (base 11) to base 10
7914298
What is 504478 (base 10) in base 6?
14451314
Convert 121103031103 (base 4) to base 8.
31231523
10110022002020 (base 3) to base 14
35b363
What is -22247a6 (base 11) in base 16?
-3b8579
5e1fd (base 16) to base 2
1011110000111111101
What is 298086 (base 12) in base 6?
22544250
What is -7238234 (base 10) in base 5?
-3323110414
Convert -14107178 (base 9) to base 8.
-32463155
Convert -1386746 (base 9) to base 16.
-bb06b
2554728 (base 10) to base 5
1123222403
Convert -1243570 (base 10) to base 6.
-42353134
3331414131 (base 5) to base 16
6f4fc4
-12041640 (base 7) to base 2
-100000101000000110110
20201213103 (base 4) to base 11
1297079
What is -112222111 (base 3) in base 5?
-322141
Convert 2330362 (base 7) to base 3.
112220002001
64280 (base 11) to base 3
11202020222
210561 (base 7) to base 9
54716
223676 (base 9) to base 6
2512110
-2200020020 (base 3) to base 12
-26580
What is 14312011442 (base 5) in base 12?
63965b3
What is 1000100111010011 (base 2) in base 15?
a6c3
Convert -1114305 (base 6) to base 7.
-324215
-17737b (base 15) to base 5
-242410131
12572c (base 14) to base 11
3a0195
What is -20402314 (base 5) in base 14?
-45896
-a68597 (base 15) to base 9
-15820087
14124402 (base 8) to base 4
30022210002
What is -1a0b9d (base 16) in base 7?
-20336261
Convert -7307e (base 15) to base 16.
-5904b
Convert -b9b7e (base 16) to base 2.
-10111001101101111110
110042221 (base 5) to base 8
1631011
Convert 3242412022 (base 5) to base 10.
6997762
What is 431122122 (base 5) in base 14?
354334
Convert 22201411 (base 5) to base 8.
572675
What is -a5201 (base 11) in base 7?
-1205651
Convert 504b8 (base 12) to base 13.
38696
Convert 3460210 (base 9) to base 7.
21616026
2dbab8 (base 14) to base 6
54241254
-3c563 (base 13) to base 14
-2d257
What is 8255797 (base 10) in base 5?
4103141142
What is 93b599 (base 12) in base 6?
121431513
14671575 (base 8) to base 5
1330400101
Convert 101100100101001001101010 (base 2) to base 14.
17a2d06
Convert 11434420 (base 5) to base 6.
2155223
What is 925e4 (base 16) in base 11?
37a482
983580 (base 12) to base 10
2411376
Convert -70235 (base 14) to base 3.
-111200110222
What is -222110002102 (base 3) in base 11?
-326127
What is -1308676 (base 12) in base 13?
-a12818
-2119883 (base 11) to base 13
-a087c7
12b2abb (base 13) to base 14
ad4604
Convert -321343122 (base 5) to base 10.
-1356037
What is -236778 (base 9) in base 12?
-6a775
What is -100102122101110 (base 3) in base 15?
-69013c
Convert -334b (base 14) to base 7.
-34624
-100010100111 (base 3) to base 2
-101011110110000110
What is 80664 (base 10) in base 7?
454113
What is -40352261 (base 7) in base 3?
-20022120112002
104212624 (base 7) to base 4
113323112122
What is 4493687 (base 11) in base 14?
108adcb
What is 355704 (base 8) in base 2?
11101101111000100
-185641 (base 10) to base 15
-3a011
2013443 (base 5) to base 14
bb25
Convert 1165110 (base 10) to base 4.
10130130312
130075 (base 8) to base 7
245352
Convert -54473 (base 15) to base 11.
-173093
What is 2451541 (base 6) in base 14?
35bdb
99b26 (base 12) to base 8
616016
What is 32421424 (base 6) in base 7?
11135542
Convert -24122303 (base 5) to base 16.
-368dd
2906a4 (base 11) to base 14
bb9d5
What is -2202012220 (base 3) in base 14?
-15a09
Convert 560bb6 (base 13) to base 15.
2a1679
-487d4 (base 14) to base 7
-1335354
Convert -5322100 (base 7) to base 11.
-3aaaaa
What is -22ba924 (base 13) in base 16?
-a3c948
What is -221434342 (base 5) in base 3?
-1211011222110
What is -212000112111 (base 3) in base 12?
-19a264
What is 289a5 (base 16) in base 5?
20310214
Convert -1d671 (base 16) to base 12.
-59841
Convert -103014233 (base 5) to base 15.
-89eb3
Convert -189234 (base 11) to base 2.
-1000110111010000101
What is -1285112 (base 9) in base 15?
-de1ae
715719 (base 10) to base 9
1310703
What is 6133252 (base 10) in base 14?
b59216
Convert 8acd49 (base 15) to base 9.
13416386
Convert 48bbc (base 15) to base 8.
705330
Convert 1647188 (base 11) to base 3.
12021120001122
What is 43203225 (base 6) in base 14?
25302d
What is -15561211 (base 7) in base 9?
-2752231
What is -13d55a (base 14) in base 8?
-2503214
What is 24011222 (base 5) in base 8?
654652
-32050043 (base 6) to 